+ 7/2*b**2 + 0 + 1/6*b**3. Determine u(r).
-3
Let b = -125 + 179. Suppose -14*s + 232 = -594. Let w = s - b. Let a(m) = m**2 - 5*m + 3. Determine a(w).
3
Suppose -3*r = -2*r - 4, -6 = -3*d + 3*r. Let m(i) = -d*i**2 + 3*i**2 + 5*i**2 + 4*i + 1. Let l(s) = -1. Let k(f) = 2*l(f) + m(f). Give k(-3).
5
Let l(o) = -o**2 + 10*o + 1. Let u(i) = -7. Let q(p) = l(p) - u(p). What is q(12)?
-16
Let a be -11 + (10/(-50) - (-22)/10). Let g(h) be the third derivative of -h**6/120 - 2*h**5/15 + 3*h**4/8 - 2*h**3/3 + 19*h**2. Determine g(a).
-4
Let d(b) = 31*b - 39. Let g(v) = 17*v - 21. Let l(x) = 6*d(x) - 11*g(x). Determine l(11).
-14
Let n be (1 - 17)/(-2 - 0). Let p = 40 - 18. Let w(l) = -4*l - 4 - 21 - l**3 + p + 9*l**2. What is w(n)?
29
Let i(a) be the first derivative of -a**4/4 + 10*a**3 - 29*a**2 + 51*a + 1969. Give i(28).
-5
Let l = 25 - 17. Suppose -6 = -n - 2*n, -t - l = 5*n. Let k be ((-12)/t)/(1/(-3)). Let c(j) = -6*j**2 - 2*j - 2. Calculate c(k).
-22
Let x(d) = 4*d + 2. Let b = -136 + 296. Let k be b/25 + (-4)/10. Suppose -k*a = -9*a - 12. What is x(a)?
-14
Let i(c) = 132*c - 4753. Let j be i(36). Let u(r) = -54*r**2 + 2. What is u(j)?
-52
Let d = -2535 - -2539. Let h(g) = g - 6. What is h(d)?
-2
Let k be ((1280/100 - 13)*(-1 - -1))/(-1). Let b(g) = -2*g - g**3 + 5*g - 4*g - 3. Give b(k).
-3
Let g(w) = 7*w**3 + 22*w**2 + 38*w - 60. Let n(f) = f**3 + f**2 + f - 17. Let d(y) = g(y) - 6*n(y). What is d(-14)?
-14
Let o(h) be the third derivative of h**4/24 - h**3/3 - 790*h**2 + 2*h. Let l(s) = 8*s - 18. Let x(r) = 4*l(r) - 36*o(r). Let v be 8/3*(-6)/(-4). Determine x(v).
-16
Suppose -8 = -18*p + 14*p. Suppose 3*w - 2*n = 13 - 1, -3*w = p*n - 12. Let d(h) = 2*h + 3. Determine d(w).
11
Let m be 165/(-33) - (-32)/2. Suppose -133 = -m*o - 122. Let c(k) = -2*k**3 - k**2 + 2*k - 2. Determine c(o).
-3
Let f(q) = -q**2 - q - 1. Let c be 24/(-80) + (-17)/10. Let h(g) = 3*g**2 - 2*g. Let o(y) = c*f(y) - h(y). What is o(6)?
-10
Suppose -1255 = -18*n + 4631. Let q(w) = 335*w**2 - w**3 + 6 - w + n*w**2 - 662*w**2. Calculate q(0).
6
Let t(u) = u**2 + 6*u + 9. Let s = -289 - -291. Let j(x) = -3*x**2 - 15*x - 19. Let b(i) = s*j(i) + 5*t(i). Determine b(-6).
-29
Let k(m) = -2*m - 152. Let j(q) = 69*q + 5635. Let a(t) = 5*j(t) + 184*k(t). Give a(9).
0
Let t(g) = -46*g + 180. Suppose 41 - 25 = -2*a + 4*n, 0 = -3*a - 2*n + 24. Give t(a).
-4
Let z(i) = 4*i - i - 2*i. Let m be 1 - -1*(-228)/4. Let f be (-50)/125 + m/10. What is z(f)?
-6
Let c(h) = h - 3. Let f(x) = 6*x - 15. Let u(r) = -11*c(r) + 2*f(r). Suppose -1 + 7 = 2*m - 5*g, 5*m = -g + 15. What is u(m)?
6
Let h = 15756 - 15760. Let g(p) = -7*p**2 - p + 6. Calculate g(h).
-102
Suppose -2*n + 0*n - 6 = 2*r, 18*r = 3*n - 117. Let x(p) be the third derivative of 0 + 0*p**4 + 0*p + 1/30*p**5 - 15*p**2 + 0*p**n. Give x(1).
2
Let k be (-1)/(-15) + (-298072)/555. Let c = k + 546. Let j(o) = o - 9. What is j(c)?
0
Let w be (-4)/((-240)/75) - (-3)/4. Let u(x) = -x**3 - x**2 - x + 4. Calculate u(w).
-10
Let l = -114 + 127. Let p = 19 - l. Let h(v) = -2*v + 1 - 3 + 0 + 3*v. Determine h(p).
4
Let j(k) = -k - 4. Let c(g) = 1. Let r(q) = 6*c(q) + j(q). Let h(f) = 4*f - 7. Let t be 62/3 + 1 + 17/51. Let n(p) = t*r(p) + 6*h(p). Give n(-4).
-6
Let c(o) = 2*o**2 + 6*o - 9. Suppose -3*f - 41 = 4*x, -5*x - 4*f - 43 = -2*x. Calculate c(x).
11
Let v(m) be the third derivative of m**7/840 + m**6/120 + m**5/30 + m**4/12 - 22*m**3 + 312*m**2. Let l(y) be the first derivative of v(y). Calculate l(-2).
-2
Let v(t) be the second derivative of t**5/20 + 7*t**4/6 + 13*t**3/3 - 17*t**2/2 - 1792*t. Determine v(-12).
-41
Let u(a) = 187*a + 94. Let j(c) = 154*c + 92. Let k(l) = -6*j(l) + 5*u(l). Determine k(5).
-27
Let s(g) be the second derivative of g**3/2 - 4*g**2 + 19493*g. Suppose -4*i = 4*d - 6*i - 10, 5*d - 2*i - 15 = 0. What is s(d)?
7
Let z(r) = r**2 + 5*r - 8. Let i be (-12)/(-48) - (-939)/(-12). Let u be 16/(-6) - i/(-18). Give z(u).
6
Let i(y) be the first derivative of -y**4/2 - 4*y**3/3 - y**2/2 + 1. Let h(t) = -t**2 + 4*t + 14. Let o be h(-3). Let b be -6*o/((-98)/7). Give i(b).
21
Let x(o) = -o**2 + 12*o + 35. Let v = 615 + -603. Determine x(v).
35
Let y(q) = 13*q - 2. Let k(l) = 35*l**3 + 2939*l**2 - 84*l - 5. Let j be k(-84). What is y(j)?
-67
Let s(r) = -r**2 - 2*r - 4. Suppose 0 = 8*w - 7*w - 5. Suppose w*b - 14 = 6. Let a(t) = -1. Let f(v) = b*a(v) - s(v). Determine f(-4).
8
Let j(m) = 4 + 0 - 2 - m. Let z be 32384/(-6578) + (-1)/13. Calculate j(z).
7
Suppose 0 = 459*b - 177*b + 1109 + 3403. Let t(m) = -m**2 - 8*m + 135. Give t(b).
7
Suppose 0 = -0*b + 4*b + 16. Let h = b - -1. Let k(r) be the second derivative of -r**4/12 - r**3/6 + r**2 + 856*r. Give k(h).
-4
Let a = 4568 + -4557. Let r(z) = z**3 - 13*z**2 + 20*z - 5. What is r(a)?
-27
Let s(d) be the first derivative of -7*d**2 + 23*d + 758. What is s(8)?
-89
Let x(h) be the third derivative of -h**4/24 - 8*h**3/3 + 32*h**2 + 1. Suppose 351 = -17*u - 10*u. What is x(u)?
-3
Let k(y) = y + 13. Let p(g) = 4*g**2. Let v be p(-2). Suppose v*z - 11*z = 0. Suppose u + 4*r + 0*r = z, u - 3*r = 0. Give k(u).
13
Let x(a) = -a**2 - 7*a - 4. Let w(d) be the third derivative of d**5/60 + 11*d**4/24 + 2*d**3 + 23*d**2. Let u be w(-8). Let m be (-1)/(1/u*-2). Give x(m).
2
Let q(f) be the first derivative of f**4/4 + 2*f**3 + 7*f**2/2 + f - 1. Suppose -3*c + 12 = -3*y, 0 = 3*c - 696*y + 699*y + 42. Calculate q(c).
-9
Let q(u) be the third derivative of u**5/60 + 3*u**4/8 - 14*u**3/3 - 3*u**2 - 1. Give q(-12).
8
Let b(i) = -i - 6. Suppose 4*t + 49 - 53 = 0. Let f be (5*t/15)/((-2)/36). What is b(f)?
0
Let o(b) = 11*b. Suppose -4*v + 8*v = 8*v. Determine o(v).
0
Let n(f) = -8*f - 24*f + 2 - 17*f - 9*f + 74*f + 3*f**2. Give n(-7).
37
Let l be -3 - (22/8 - (-2)/8). Let i(j) = 4*j**3 - 15*j**2 + 8*j - 1. Let x(q) = q**3 - 5*q**2 + 3*q. Let h(a) = 2*i(a) - 7*x(a). Calculate h(l).
-8
Let v(w) be the first derivative of w**4/24 - 2*w**3/3 + 151*w**2/2 + 218. Let p(n) be the second derivative of v(n). Determine p(-4).
-8
Let u(t) = t**2 - 10*t - 29. Let y be u(-11). Let j = -196 + y. Let i(b) = b - 10. Let z(m) = m - 10. Let r(a) = -2*i(a) + 3*z(a). Calculate r(j).
-4
Let l(p) = -p**2 + 13*p + 17. Suppose 0 = 5*j + 5*s - 55, -5*s = 3*j - 7*j + 71. Let q be l(j). Let v(n) = -n**q - n - 5*n**2 - 3*n + 5*n. Determine v(-5).
-5
Suppose -c + 4*c = -4*h + 167, 0 = 3*h + 4*c - 120. Suppose -38*n - 36 = -h*n. Let u(q) = -q**2 + 8*q - 20. What is u(n)?
-8
Let t(d) = -8*d**2 - 20*d - 4. Let a be t(3). Let y = -125 - a. Let g(i) = -i**3 + 11*i**2 - 3*i - 13. Determine g(y).
-46
Let x be (23 + 1)*(14 + (-752)/24). Let w = 403 + x. Let h(s) = s**2 + 14*s + 13. What is h(w)?
0
Let k(x) be the second derivative of 7*x**5/10 + x**4/12 + x**3 + 2*x**2 - 4465*x. What is k(-1)?
-15
Let v = 60 - 61. Let w(b) = -51*b - 12. Let q(k) = -4*k - 1. Let p(s) = -27*q(s) + 2*w(s). Let c be p(v). Let i(y) = y**2 + 3*y - 1. Give i(c).
-1
Let o(r) = -r - 109. Let j = 5094 - 5094. Determine o(j).
-109
Let b(w) = -w + 5. Suppose -4*l - 16 = -5*x, -4*l = 4*x + 24 - 8. Let k = x - -10. Give b(k).
-5
Let a(g) = -288 + 103 + 6*g**2 - 4*g**2 - 289 - 232 + 61*g. Calculate a(9).
5
Let b be 1/(-4) + (-34)/(-8). Suppose x = -4*f - 2, -b*x + 12 + 0 = -4*f. Let d(o) = 1 + 12*o**2 + 2268*o - 753*o - 758*o - 756*o. Calculate d(f).
12
Let g(v) = 4*v**2 + 67*v - 1521. Let p(i) = -i**2 - 16*i + 379. Let w(u) = -2*g(u) - 9*p(u). What is w(-25)?
6
Let d(f) be the third derivative of -f**6/60 + f**5/12 - f**4/8 + 2*f**3/3 - f**2. Let i = -220293 - -220296. Calculate d(i).
-14
Let g(p) = 20*p**2 - 5*p - 1. Let z(s) = -9*s**2 + 2*s + 1. Let f = -374 - -383. Let i(h) = f*z(h) + 4*g(h). Let t(n) = n - 2. Let r be t(-3). Determine i(r).
-10
Suppose 1 = 5*w - 29. Let j be -2*44/(-56) - (-15)/35. Let f(k) = -3*k + 9*k**2 + w - k - 8*k**j. Determine f(4).
6
Let f = 9848 + -9850. Let h(q) = -11*q**3 + 1. Determine h(f).
89
Suppose -5*u - 5*m - 4450 + 670 = 0, 5*u - 4*m = -3735. Let n = u - -752. Let t(o) = -13*o**2 - 3*o + 3. What is t(n)?
-13
Let m(q) = -q**3 + 4*q**2 - 3*q. Let j(h) = h**2 - 7*h + 14. Let w be j(4). Let n be m(w). Let t(u) = -7*u**2 + u**2 - 8*u - 2 - 3*u**n + 8*u**2. What is t(-8)?
-2
Let y(z) be the second derivative of z**5/10 - z**4